llions digit of 2638379708?
2
What is the tens digit of 76115320?
2
What is the hundreds digit of 854310005?
0
What is the ten thousands digit of 1933814863?
1
What is the millions digit of 476346329?
6
What is the units digit of 38843666?
6
What is the hundreds digit of 348793?
7
What is the tens digit of 42384054?
5
What is the ten millions digit of 38446265?
3
What is the thousands digit of 11999693?
9
What is the units digit of 2490882294?
4
What is the ten thousands digit of 330982716?
8
What is the thousands digit of 113926643?
6
What is the units digit of 5083817701?
1
What is the hundred millions digit of 2472255584?
4
What is the thousands digit of 8544658?
4
What is the hundreds digit of 3404382051?
0
What is the hundred thousands digit of 590292598?
2
What is the units digit of 200192768?
8
What is the units digit of 1150208703?
3
What is the billions digit of 1141016806?
1
What is the thousands digit of 63475329?
5
What is the thousands digit of 868141240?
1
What is the units digit of 1198229153?
3
What is the hundred thousands digit of 177618627?
6
What is the thousands digit of 125512684?
2
What is the hundred thousands digit of 1778607839?
6
What is the units digit of 128095274?
4
What is the thousands digit of 18657671?
7
What is the hundreds digit of 38681165?
1
What is the thousands digit of 266285969?
5
What is the tens digit of 32873340?
4
What is the hundreds digit of 269386553?
5
What is the units digit of 895522230?
0
What is the hundreds digit of 49372845?
8
What is the millions digit of 26026682?
6
What is the thousands digit of 3900789?
0
What is the tens digit of 775848263?
6
What is the hundreds digit of 1063484948?
9
What is the ten millions digit of 113335970?
1
What is the units digit of 312491985?
5
What is the billions digit of 1951880141?
1
What is the millions digit of 998815047?
8
What is the billions digit of 1481763599?
1
What is the millions digit of 385242845?
5
What is the millions digit of 2671178368?
1
What is the millions digit of 169523381?
9
What is the ten thousands digit of 68170632?
7
What is the hundred millions digit of 844874781?
8
What is the hundred millions digit of 3441506294?
4
What is the ten thousands digit of 4946005071?
0
What is the units digit of 35706107?
7
What is the millions digit of 11541037?
1
What is the millions digit of 1538631120?
8
What is the hundred thousands digit of 43631523?
6
What is the hundred millions digit of 231348623?
2
What is the ten millions digit of 895955633?
9
What is the millions digit of 31686361?
1
What is the units digit of 148405663?
3
What is the hundreds digit of 8925261?
2
What is the ten millions digit of 2644078193?
4
What is the tens digit of 557638857?
5
What is the ten millions digit of 58547455?
5
What is the billions digit of 1119917845?
1
What is the ten thousands digit of 51622085?
2
What is the hundred thousands digit of 3901040216?
0
What is the millions digit of 1750024036?
0
What is the hundreds digit of 181474533?
5
What is the tens digit of 626207862?
6
What is the thousands digit of 2767508418?
8
What is the ten millions digit of 1124850062?
2
What is the millions digit of 332331624?
2
What is the thousands digit of 64417551?
7
What is the hundreds digit of 312998017?
0
What is the units digit of 1094571220?
0
What is the billions digit of 1554621616?
1
What is the hundred millions digit of 415019564?
4
What is the ten millions digit of 2076345496?
7
What is the units digit of 596409198?
8
What is the millions digit of 45170522?
5
What is the ten thousands digit of 52395720?
9
What is the hundred thousands digit of 199114567?
1
What is the thousands digit of 2526002160?
2
What is the tens digit of 1840421751?
5
What is the ten millions digit of 2000151036?
0
What is the tens digit of 53972094?
9
What is the hundred millions digit of 100512572?
1
What is the hundreds digit of 317467926?
9
What is the ten millions digit of 2425729672?
2
What is the thousands digit of 75647929?
7
What is the ten millions digit of 38757311?
3
What is the ten thousands digit of 216940976?
4
What is the thousands digit of 336428906?
8
What is the hundred thousands digit of 84527060?
5
What is the ten millions digit of 52204663?
5
What is the ten millions digit of 83249514?
8
What is the tens digit of 200365659?
5
What is the ten millions digit of 374639405?
7
What is the tens digit of 41249577?
7
What is the hundred millions digit of 106927950?
1
What is the hundred thousands digit of 989216768?
2
What is the hundred thousands digit of 195229322?
2
What is the hundred thousands digit of 64481055?
4
What is the tens digit of 54832599?
9
What is the hundreds digit of 752523807?
8
What is the thousands digit of 120717780?
7
What is the ten thousands digit of 153862433?
6
What is the thousands digit of 68546218?
6
What is the ten millions digit of 56964080?
5
What is the ten millions digit of 36557074?
3
What is the hundreds digit of 53837252?
2
What is the ten millions digit of 18873812?
1
What is the hundred millions digit of 4813801538?
8
What is the thousands digit of 82119793?
9
What is the millions digit of 2311819086?
1
What is the ten thousands digit of 129897518?
9
What is the hundreds digit of 18756824?
8
What is the ten millions digit of 132476852?
3
What is the ten millions digit of 162671970?
6
What is the ten millions digit of 456033494?
5
What is the millions digit of 78357420?
8
What is the units digit of 44498844?
4
What is the hundreds digit of 61990859?
8
What is the thousands digit of 3013627?
3
What is the thousands digit of 11863812?
3
What is the units digit of 11152621?
1
What is the ten millions digit of 3002995283?
0
What is the hundred thousands digit of 198115973?
1
What is the ten millions digit of 235269654?
3
What is the hundred millions digit of 597189185?
5
What is the units digit of 4438088054?
4
What is the thousands digit of 2397568678?
8
What is the ten thousands digit of 45189146?
8
What is the tens digit of 29705544?
4
What is the hundred thousands digit of 1293403528?
4
What is the hundred thousands digit of 5733023?
7
What is the thousands digit of 682254150?
4
What is the tens digit of 154880791?
9
What is the ten millions digit of 44418437?
4
What is the hundred thousands digit of 53862757?
8
What is the ten millions digit of 100170444?
0
What is the millions digit of 204172549?
4
What is the hundred thousands digit of 77331883?
3
What is the ten thousands digit of 174809916?
0
What is the ten thousands digit of 37038737?
3
What is the hundred thousands digit of 1738868008?
8
What is the ten millions digit of 493361655?
9
What is the tens digit of 1837043164?
6
What is the hundred thousands digit of 11111083?
1
What is the ten millions digit of 5940067598?
4
What is the hundreds digit of 30960531?
5
What is the tens digit of 468954024?
2
What is the hundred millions digit of 698696274?
6
What is the thousands digit of 88278732?
8
What is the hundreds digit of 6148423727?
7
What is the tens digit of 50360901?
0
What is the hundred thousands digit of 42537837?
5
What is the units digit of 696821540?
0
What is the ten millions digit of 142112004?
4
What is the thousands digit of 4663060585?
0
What is the thousands digit of 3209896775?
6
What is the hundred millions digit of 1280659410?
2
What is the hundred millions digit of 1717034985?
7
What is the hundreds digit of 332701703?
7
What is the hundreds digit of 4872379777?
7
What is the thousands digit of 504220975?
0
What is the hundred millions digit of 675408469?
6
What is the billions digit of 2725770179?
2
What is the units digit of 83968963?
3
What is the ten thousands digit of 47699464?
9
What is the ten thousands digit of 1084354137?
5
What is the thousands digit of 46392763?
2
What is the hundreds digit of 53700356?
3
What is the hundred thousands digit of 1270057325?
0
What is the millions digit of 2600269828?
0
What is the hundred millions digit of 468030373?
4
What is the hundred thousands digit of 50679170?
6
What is the ten thousands digit of 62280201?
8
What is the units digit of 1528335171?
1
What is the hundreds digit of 64177547?
5
What is the hundreds digit of 24945672?
6
What is the ten millions digit of 3793361424?
9
What is the hundreds digi